{"id":8,"date":"2016-04-06T09:00:19","date_gmt":"2016-04-06T09:00:19","guid":{"rendered":"http:\/\/www.tgn.chatelard18.ch\/wordpress_e\/?page_id=8"},"modified":"2026-04-12T15:29:12","modified_gmt":"2026-04-12T15:29:12","slug":"activites-2016","status":"publish","type":"page","link":"https:\/\/www.tgn.chatelard18.ch\/wordpress_e\/?page_id=8","title":{"rendered":"Activit\u00e9s 2026"},"content":{"rendered":"<p><span style=\"text-decoration: underline;\"><strong>Manifestations 2026<\/strong><\/span><\/p>\n<ul>\n<li><strong>assembl\u00e9e g\u00e9n\u00e9rale le vendredi 17 avril<\/strong><\/li>\n<li><strong>nettoyage des tandems \u00e0 Marin le mercredi 6 mai<\/strong><\/li>\n<li><strong>les sorties en tandem pour 2026 sont <a href=\"https:\/\/www.tgn.chatelard18.ch\/wordpress_e\/?page_id=34\">ici.<\/a><br \/>\n<span style=\"color: #ddcd9b;\">!<\/span><br \/>\n<\/strong><\/li>\n<\/ul>\n<p><span style=\"text-decoration: underline;\"><strong>La gymnastique<\/strong><\/span><\/p>\n<p><strong>&#8230; la pratique de la gymnastique a \u00e9t\u00e9 supprim\u00e9e en juin 2018 par manque de participants.<\/strong><\/p>\n<p><span style=\"color: #ddcd9b;\">!<\/span><\/p>\n<p><span style=\"text-decoration: underline;\"><strong>Le tandem<\/strong><\/span><\/p>\n<p><strong>Le tandem est en g\u00e9n\u00e9ral pratiqu\u00e9 dans la r\u00e9gion du Seeland (lac de Morat et lac de Bienne) au d\u00e9part de la T\u00e8ne \u00e0 Marin, o\u00f9 <\/strong><strong>les machines<\/strong> <strong>sont<\/strong> <strong>parqu\u00e9es. Les sorties ont lieu soit des journ\u00e9es enti\u00e8res, des apr\u00e8s-midi ou des soir\u00e9es du jeudi, comme l&rsquo;indique la table ci-dessous.<\/strong><\/p>\n<p><span style=\"color: #ddcd9b;\">!<\/span><\/p>\n<p><a href=\"https:\/\/www.tgn.chatelard18.ch\/wordpress_e\/?page_id=34\"><img loading=\"lazy\" decoding=\"async\" class=\"alignnone size-full wp-image-1697 aligncenter\" src=\"https:\/\/www.tgn.chatelard18.ch\/wordpress_e\/wp-content\/uploads\/2025\/01\/2026.png\" alt=\"\" width=\"231\" height=\"38\" \/><\/a><\/p>\n<p><span style=\"color: #ddcd9b;\">!<\/span><\/p>\n<p><strong>La personne de contact pour les activit\u00e9s de tandems est Josiane Porret au num\u00e9ro de t\u00e9l\u00e9phone 032 931 76 53 et mobile 079 679 38 91<br \/>\n<\/strong><\/p>\n","protected":false},"excerpt":{"rendered":"<p>Manifestations 2026 assembl\u00e9e g\u00e9n\u00e9rale le vendredi 17 avril nettoyage des tandems \u00e0 Marin le mercredi 6 mai les sorties en tandem pour 2026 sont ici. ! La gymnastique &#8230; la pratique de la gymnastique a \u00e9t\u00e9 supprim\u00e9e en juin 2018 par manque de participants. ! Le tandem Le tandem est en g\u00e9n\u00e9ral pratiqu\u00e9 dans la [&hellip;]<\/p>\n","protected":false},"author":2,"featured_media":0,"parent":0,"menu_order":0,"comment_status":"closed","ping_status":"closed","template":"page-full.php","meta":{"footnotes":"","_wp_rev_ctl_limit":"5"},"class_list":["post-8","page","type-page","status-publish","hentry"],"_links":{"self":[{"href":"https:\/\/www.tgn.chatelard18.ch\/wordpress_e\/index.php?rest_route=\/wp\/v2\/pages\/8","targetHints":{"allow":["GET"]}}],"collection":[{"href":"https:\/\/www.tgn.chatelard18.ch\/wordpress_e\/index.php?rest_route=\/wp\/v2\/pages"}],"about":[{"href":"https:\/\/www.tgn.chatelard18.ch\/wordpress_e\/index.php?rest_route=\/wp\/v2\/types\/page"}],"author":[{"embeddable":true,"href":"https:\/\/www.tgn.chatelard18.ch\/wordpress_e\/index.php?rest_route=\/wp\/v2\/users\/2"}],"replies":[{"embeddable":true,"href":"https:\/\/www.tgn.chatelard18.ch\/wordpress_e\/index.php?rest_route=%2Fwp%2Fv2%2Fcomments&post=8"}],"version-history":[{"count":5,"href":"https:\/\/www.tgn.chatelard18.ch\/wordpress_e\/index.php?rest_route=\/wp\/v2\/pages\/8\/revisions"}],"predecessor-version":[{"id":1992,"href":"https:\/\/www.tgn.chatelard18.ch\/wordpress_e\/index.php?rest_route=\/wp\/v2\/pages\/8\/revisions\/1992"}],"wp:attachment":[{"href":"https:\/\/www.tgn.chatelard18.ch\/wordpress_e\/index.php?rest_route=%2Fwp%2Fv2%2Fmedia&parent=8"}],"curies":[{"name":"wp","href":"https:\/\/api.w.org\/{rel}","templated":true}]}}

Activités 2026

<p><span style="text-decoration: underline;"><strong>Manifestations 2026</strong></span></p>
<ul>
<li><strong>assemblée générale le vendredi 17 avril</strong></li>
<li><strong>nettoyage des tandems à Marin le mercredi 6 mai</strong></li>
<li><strong>les sorties en tandem pour 2026 sont <a href="https://www.tgn.chatelard18.ch/wordpress_e/?page_id=34">ici.</a><br />
<span style="color: #ddcd9b;">!</span><br />
</strong></li>
</ul>
<p><span style="text-decoration: underline;"><strong>La gymnastique</strong></span></p>
<p><strong>&#8230; la pratique de la gymnastique a été supprimée en juin 2018 par manque de participants.</strong></p>
<p><span style="color: #ddcd9b;">!</span></p>
<p><span style="text-decoration: underline;"><strong>Le tandem</strong></span></p>
<p><strong>Le tandem est en général pratiqué dans la région du Seeland (lac de Morat et lac de Bienne) au départ de la Tène à Marin, où </strong><strong>les machines</strong> <strong>sont</strong> <strong>parquées. Les sorties ont lieu soit des journées entières, des après-midi ou des soirées du jeudi, comme l&rsquo;indique la table ci-dessous.</strong></p>
<p><span style="color: #ddcd9b;">!</span></p>
<p><a href="https://www.tgn.chatelard18.ch/wordpress_e/?page_id=34"><img loading="lazy" decoding="async" class="alignnone size-full wp-image-1697 aligncenter" src="https://www.tgn.chatelard18.ch/wordpress_e/wp-content/uploads/2025/01/2026.png" alt="" width="231" height="38" /></a></p>
<p><span style="color: #ddcd9b;">!</span></p>
<p><strong>La personne de contact pour les activités de tandems est Josiane Porret au numéro de téléphone 032 931 76 53 et mobile 079 679 38 91<br />
</strong></p>

<p>Manifestations 2026 assemblée générale le vendredi 17 avril nettoyage des tandems à Marin le mercredi 6 mai les sorties en tandem pour 2026 sont ici. ! La gymnastique &#8230; la pratique de la gymnastique a été supprimée en juin 2018 par manque de participants. ! Le tandem Le tandem est en général pratiqué dans la [&hellip;]</p>
